st the prime factors of 212406.
2, 3, 35401
What are the prime factors of 751891?
7, 233, 461
What are the prime factors of 2893743?
3, 47, 6841
List the prime factors of 1943544.
2, 3, 47, 1723
What are the prime factors of 44878?
2, 19, 1181
List the prime factors of 66952.
2, 8369
What are the prime factors of 5389560?
2, 3, 5, 11, 1361
List the prime factors of 22946.
2, 7, 11, 149
What are the prime factors of 334113?
3, 13, 659
What are the prime factors of 613900?
2, 5, 7, 877
List the prime factors of 490254.
2, 3, 101, 809
What are the prime factors of 593354?
2, 23, 12899
What are the prime factors of 162003?
3, 54001
What are the prime factors of 5878956?
2, 3, 489913
What are the prime factors of 2194203?
3, 11, 66491
List the prime factors of 349658.
2, 174829
List the prime factors of 701755.
5, 140351
What are the prime factors of 868514?
2, 43, 10099
What are the prime factors of 519686?
2, 197, 1319
List the prime factors of 4184515.
5, 37, 22619
What are the prime factors of 1280926?
2, 640463
List the prime factors of 762075.
3, 5, 1129
What are the prime factors of 99758?
2, 31, 1609
What are the prime factors of 708518?
2, 354259
What are the prime factors of 1917068?
2, 479267
List the prime factors of 949253.
949253
List the prime factors of 3277823.
19, 172517
List the prime factors of 7752941.
7, 733, 1511
List the prime factors of 65305.
5, 37, 353
What are the prime factors of 1138254?
2, 3, 13, 14593
List the prime factors of 856489.
439, 1951
List the prime factors of 261251.
261251
What are the prime factors of 3616388?
2, 904097
What are the prime factors of 57281?
7, 167
What are the prime factors of 9778120?
2, 5, 11, 71, 313
List the prime factors of 2585298.
2, 3, 430883
What are the prime factors of 12124442?
2, 11, 50101
What are the prime factors of 4235305?
5, 29, 29209
List the prime factors of 3305403.
3, 281, 1307
What are the prime factors of 5709608?
2, 827, 863
List the prime factors of 1412217.
3, 156913
List the prime factors of 6204181.
23, 107, 2521
List the prime factors of 4821923.
67, 79, 911
What are the prime factors of 1705962?
2, 3, 157, 1811
List the prime factors of 177367.
193, 919
What are the prime factors of 9099440?
2, 5, 7, 16249
List the prime factors of 1269631.
11, 115421
What are the prime factors of 1376506?
2, 688253
What are the prime factors of 1097082?
2, 3, 7, 8707
List the prime factors of 23030859.
3, 349, 21997
What are the prime factors of 236054?
2, 7, 13, 1297
What are the prime factors of 6015112?
2, 107, 7027
What are the prime factors of 8993550?
2, 3, 5, 59957
What are the prime factors of 2822588?
2, 353, 1999
What are the prime factors of 75775?
5, 7, 433
What are the prime factors of 1378115?
5, 275623
List the prime factors of 8172820.
2, 5, 23, 109, 163
What are the prime factors of 492?
2, 3, 41
What are the prime factors of 10785818?
2, 53, 97, 1049
List the prime factors of 17357785.
5, 643, 5399
List the prime factors of 12661254.
2, 3, 677, 1039
What are the prime factors of 562075?
5, 22483
List the prime factors of 4404943.
4404943
What are the prime factors of 5109341?
59, 86599
What are the prime factors of 26820030?
2, 3, 5, 587, 1523
List the prime factors of 1034254.
2, 13, 39779
What are the prime factors of 6842876?
2, 137, 12487
What are the prime factors of 100690?
2, 5, 10069
What are the prime factors of 1426305?
3, 5, 95087
List the prime factors of 6807295.
5, 11, 61, 2029
List the prime factors of 124693.
124693
What are the prime factors of 23106?
2, 3, 3851
List the prime factors of 24938032.
2, 7, 19, 11719
What are the prime factors of 275791?
17, 16223
What are the prime factors of 1092061?
1092061
What are the prime factors of 351050?
2, 5, 7, 17, 59
What are the prime factors of 5350260?
2, 3, 5, 23, 3877
List the prime factors of 227258.
2, 199, 571
What are the prime factors of 32875170?
2, 3, 5, 1095839
List the prime factors of 270977.
7, 38711
What are the prime factors of 6124139?
7, 197, 4441
List the prime factors of 774577.
774577
What are the prime factors of 176481?
3, 19609
What are the prime factors of 403627?
7, 23, 109
What are the prime factors of 559567?
23, 24329
List the prime factors of 558733.
7, 19, 4201
List the prime factors of 9187602.
2, 3, 19, 83, 971
What are the prime factors of 6772192?
2, 7, 617
List the prime factors of 1659855.
3, 5, 239, 463
List the prime factors of 17853199.
7, 13, 28027
List the prime factors of 73514.
2, 7, 59, 89
What are the prime factors of 19245940?
2, 5, 7, 23, 43, 139
List the prime factors of 348213.
3, 19, 41, 149
List the prime factors of 1557836.
2, 7, 23, 41, 59
What are the prime factors of 2530300?
2, 5, 25303
What are the prime factors of 1567613?
1097, 1429
What are the prime factors of 4468547?
4468547
List the prime factors of 3383459.
17, 29, 6863
List the prime factors of 5603791.
5603791
What are the prime factors of 1789885?
5, 357977
What are the prime factors of 257495?
5, 7, 1051
What are the prime factors of 7355705?
5, 7, 29, 7247
What are the prime factors of 51428?
2, 13, 23, 43
List the prime factors of 5470667.
599, 9133
List the prime factors of 331754.
2, 165877
What are the prime factors of 4750628?
2, 1187657
List the prime factors of 424230.
2, 3, 5, 79, 179
What are the prime factors of 16864477?
7, 344173
List the prime factors of 2039512.
2, 29, 59, 149
What are the prime factors of 24821865?
3, 5, 551597
List the prime factors of 5996647.
19, 315613
What are the prime factors of 12416937?
3, 13, 19, 1289
List the prime factors of 16682211.
3, 7, 13, 20369
What are the prime factors of 1283558?
2, 89, 7211
List the prime factors of 268340.
2, 5, 13417
What are the prime factors of 239060?
2, 5, 11953
What are the prime factors of 13863339?
3, 7, 73351
What are the prime factors of 935864?
2, 19, 47, 131
List the prime factors of 232228.
2, 58057
List the prime factors of 3684067.
137, 26891
List the prime factors of 118307.
7, 16901
List the prime factors of 4318219.
47, 79, 1163
List the prime factors of 1132217.
17, 66601
What are the prime factors of 411536?
2, 17, 89
What are the prime factors of 10079258?
2, 7, 719947
What are the prime factors of 448031?
448031
What are the prime factors of 2754793?
191, 14423
List the prime factors of 10357737.
3, 13, 53, 5011
What are the prime factors of 8031813?
3, 19, 140909
What are the prime factors of 450623?
19, 37, 641
List the prime factors of 1353015.
3, 5, 107, 281
What are the prime factors of 1064430?
2, 3, 5, 11827
List the prime factors of 817660.
2, 5, 40883
List the prime factors of 2510196.
2, 3, 13, 16091
What are the prime factors of 23212564?
2, 439, 13219
List the prime factors of 784157.
11, 71287
What are the prime factors of 5261110?
2, 5, 73, 7207
What are the prime factors of 460508?
2, 115127
List the prime factors of 852856.
2, 17, 6271
What are the prime factors of 45386?
2, 11, 2063
List the prime factors of 8902739.
29, 306991
List the prime factors of 5455999.
241, 22639
List the prime factors of 208594.
2, 104297
What are the prime factors of 10402?
2, 7, 743
List the prime factors of 178859.
178859
List the prime factors of 1663175.
5, 71, 937
List the prime factors of 1485642.
2, 3, 247607
What are the prime factors of 72690?
2, 3, 5, 2423
What are the prime factors of 7767869?
7767869
List the prime factors of 9319765.
5, 7, 13, 20483
What are the prime factors of 4933184?
2, 77081
List the prime factors of 182959.
7, 59, 443
What are the prime factors of 7880956?
2, 61, 32299
List the prime factors of 2567480.
2, 5, 64187
What are the prime factors of 5372546?
2, 2686273
What are the prime factors of 1419919?
1419919
What are the prime factors of 455770?
2, 5, 7, 17, 383
List the prime factors of 139341.
3, 46447
List the prime factors of 146719.
146719
What are the prime factors of 338054?
2, 23, 7349
List the prime factors of 7976239.
23, 346793
What are the prime factors of 9809000?
2, 5, 17, 577
List the prime factors of 60953.
60953
List the prime factors of 2055947.
23, 71, 1259
List the prime factors of 398614.
2, 241, 827
What are the prime factors of 639483?
3, 13, 19, 863
List the prime factors of 2154657.
3, 19, 103, 367
List the prime factors